 and 69.
3
Calculate the highest common factor of 1036 and 1184.
148
What is the highest common factor of 1066 and 41?
41
What is the highest common factor of 46 and 1242?
46
Calculate the highest common divisor of 16 and 7664.
16
What is the greatest common divisor of 30 and 800?
10
Calculate the highest common factor of 2130 and 210.
30
What is the greatest common factor of 1215 and 60?
15
What is the greatest common divisor of 4 and 268?
4
What is the highest common factor of 305 and 155?
5
Calculate the greatest common factor of 8 and 136.
8
What is the highest common divisor of 189 and 27?
27
Calculate the greatest common factor of 288 and 17424.
144
Calculate the highest common divisor of 140 and 224.
28
What is the greatest common divisor of 26 and 416?
26
Calculate the highest common divisor of 810 and 126.
18
What is the greatest common divisor of 41 and 1?
1
What is the greatest common divisor of 107 and 6848?
107
Calculate the highest common factor of 427 and 1769.
61
What is the greatest common divisor of 4465 and 94?
47
Calculate the highest common factor of 51 and 391.
17
What is the greatest common divisor of 16 and 1052?
4
What is the highest common divisor of 1780 and 89?
89
What is the highest common divisor of 124 and 124?
124
What is the highest common factor of 3 and 2229?
3
Calculate the highest common divisor of 2443 and 147.
7
What is the greatest common factor of 36 and 732?
12
What is the greatest common factor of 164 and 4838?
82
What is the greatest common divisor of 28 and 1764?
28
Calculate the greatest common factor of 1305 and 87.
87
What is the highest common factor of 768 and 1056?
96
Calculate the highest common divisor of 117 and 2301.
39
Calculate the highest common divisor of 1664 and 24.
8
Calculate the greatest common divisor of 64 and 3136.
64
What is the highest common factor of 4 and 482?
2
What is the highest common factor of 42 and 3038?
14
What is the highest common factor of 1891 and 248?
31
Calculate the highest common divisor of 287 and 42763.
287
What is the greatest common divisor of 57 and 285?
57
What is the greatest common factor of 57 and 57?
57
What is the greatest common factor of 374 and 198?
22
What is the greatest common factor of 729 and 3240?
81
What is the greatest common factor of 16 and 119?
1
Calculate the greatest common divisor of 10 and 290.
10
What is the greatest common factor of 35 and 10?
5
What is the greatest common factor of 121 and 66?
11
Calculate the highest common factor of 85 and 35.
5
What is the highest common factor of 5 and 1195?
5
What is the greatest common factor of 3328 and 104?
104
What is the greatest common factor of 88 and 1012?
44
Calculate the greatest common factor of 104 and 143.
13
What is the greatest common divisor of 282 and 6?
6
Calculate the highest common divisor of 23299 and 115.
23
What is the greatest common factor of 216 and 8?
8
What is the highest common factor of 2364 and 12?
12
What is the greatest common factor of 1100 and 500?
100
Calculate the greatest common divisor of 309 and 8549.
103
Calculate the highest common divisor of 19 and 779.
19
What is the greatest common divisor of 31 and 5?
1
Calculate the highest common divisor of 100 and 90.
10
Calculate the greatest common divisor of 98 and 2.
2
Calculate the highest common factor of 1742 and 67.
67
What is the highest common divisor of 175 and 7?
7
Calculate the highest common factor of 90 and 10.
10
What is the highest common divisor of 5828 and 1316?
188
What is the highest common factor of 1136 and 6319?
71
Calculate the highest common divisor of 13 and 37739.
13
What is the greatest common divisor of 3 and 123?
3
What is the greatest common factor of 42 and 147?
21
What is the highest common divisor of 1830 and 30?
30
What is the highest common factor of 249 and 3652?
83
Calculate the greatest common factor of 34 and 126.
2
What is the greatest common factor of 22 and 3124?
22
Calculate the highest common divisor of 30 and 1320.
30
Calculate the greatest common divisor of 30 and 240.
30
Calculate the greatest common factor of 212 and 4.
4
What is the greatest common divisor of 20 and 790?
10
What is the highest common divisor of 920 and 120?
40
Calculate the highest common divisor of 12 and 600.
12
Calculate the highest common factor of 319 and 44.
11
Calculate the greatest common divisor of 10 and 19310.
10
What is the greatest common factor of 80 and 10448?
16
Calculate the highest common factor of 744 and 72.
24
Calculate the greatest common factor of 48 and 21.
3
Calculate the highest common divisor of 192 and 39456.
96
Calculate the highest common factor of 222 and 2997.
111
What is the greatest common divisor of 12 and 1872?
12
What is the highest common divisor of 160 and 240?
80
Calculate the greatest common factor of 43 and 215.
43
What is the greatest common factor of 15 and 327?
3
Calculate the greatest common divisor of 10 and 206.
2
What is the highest common factor of 25 and 245?
5
Calculate the greatest common factor of 22230 and 95.
95
What is the greatest common divisor of 477 and 63?
9
What is the greatest common divisor of 12 and 54?
6
What is the highest common factor of 16 and 388?
4
What is the greatest common divisor of 378 and 1638?
126
What is the greatest common factor of 1377 and 17?
17
What is the highest common divisor of 29 and 319?
29
What is the greatest common factor of 45 and 4755?
15
What is the highest common divisor of 330 and 2750?
110
Calculate the greatest common divisor of 369 and 18.
9
What is the highest common divisor of 3906 and 945?
63
What is the greatest common factor of 171 and 1311?
57
What is the highest common factor of 7840 and 336?
112
What is the greatest common factor of 8587 and 31?
31
Calculate the greatest common factor of 2400 and 150.
150
What is the highest common divisor of 828 and 1062?
18
Calculate the greatest common divisor of 1001 and 273.
91
Calculate the highest common factor of 4352 and 1224.
136
What is the greatest common divisor of 529 and 575?
23
Calculate the highest common divisor of 11 and 13739.
11
Calculate the greatest common divisor of 242 and 704.
22
Calculate the greatest common factor of 2 and 5.
1
What is the greatest common divisor of 4665 and 165?
15
Calculate the greatest common factor of 1963 and 13.
13
What is the greatest common divisor of 231 and 33?
33
Calculate the highest common divisor of 44 and 440.
44
Calculate the greatest common divisor of 54 and 1350.
54
What is the greatest common factor of 315 and 45?
45
Calculate the highest common factor of 764 and 27122.
382
What is the highest common divisor of 10034 and 58?
58
What is the greatest common factor of 928 and 116?
116
What is the greatest common divisor of 45 and 20?
5
What is the greatest common divisor of 4 and 508?
4
Calculate the greatest common divisor of 508 and 4.
4
Calculate the greatest common factor of 21 and 119.
7
Calculate the highest common factor of 6 and 158.
2
What is the highest common divisor of 85 and 544?
17
What is the greatest common factor of 75 and 425?
25
Calculate the highest common factor of 528 and 429.
33
Calculate the highest common factor of 2485 and 5680.
355
What is the highest common factor of 522 and 232?
58
What is the greatest common factor of 427 and 7?
7
Calculate the highest common factor of 5828 and 124.
124
Calculate the highest common divisor of 1835 and 15.
5
Calculate the highest common factor of 159 and 63.
3
Calculate the greatest common factor of 689 and 106.
53
Calculate the highest common factor of 7460 and 2.
2
What is the highest common factor of 242 and 11264?
22
What is the greatest common factor of 1776 and 48?
48
What is the greatest common divisor of 3032 and 8?
8
Calculate the greatest common factor of 1885 and 3190.
145
What is the highest common divisor of 65 and 39?
13
What is the greatest common divisor of 101 and 1313?
101
Calculate the greatest common divisor of 20144 and 16.
16
Calculate the highest common factor of 407 and 33.
11
Calculate the highest common factor of 76 and 14.
2
What is the highest common divisor of 416 and 32?
32
What is the greatest common factor of 3402 and 1107?
27
What is the highest common divisor of 25048 and 31?
31
Calculat